(-4))/(1/c). What is the greatest common divisor of r and h?
3
Suppose 5*f = -0*f + 4*k + 282, 0 = -2*f - 5*k + 126. Suppose 0 = 5*t - f - 82. Calculate the highest common factor of t and 14.
14
Let m(i) = i**2 + 12*i + 16. Let r be m(-11). Suppose -r*d - 2 + 27 = 0. Calculate the highest common divisor of d and 35.
5
Let h(l) = -l**2 + l + 300. Let d be h(0). Calculate the highest common factor of d and 20.
20
Suppose 5*m = 117 + 18. Let w = -7 + 10. Calculate the greatest common divisor of w and m.
3
Let b = 3 + 17. Suppose v = 72 - b. Calculate the greatest common divisor of 13 and v.
13
Suppose p - 795 = -2*p. Suppose 5*q - p = -5*h, 2*q + 0*h - 2*h - 110 = 0. Calculate the greatest common divisor of 6 and q.
6
Let k(a) = 4*a + 5. Let b be k(4). Suppose h = -n + 12, n + 6*h - 12 = h. Let c = b - n. Calculate the greatest common divisor of 63 and c.
9
Let k be ((-8)/(-10))/(12/(-330)). Let o = k - -121. Suppose 0 = l - 3*l + 18. Calculate the highest common factor of l and o.
9
Suppose -96 = -x - 4*t, 2*x + 0*t - 216 = -2*t. Calculate the highest common divisor of x and 14.
14
Let z(l) = -l**3 - 8*l**2 - 4*l - 11. Let c be z(-7). Let k = -12 - c. Calculate the highest common divisor of 10 and k.
10
Let v = 4 - -18. Calculate the highest common factor of v and 2.
2
Let o = -16 - -27. Let r = -10 + o. What is the highest common factor of r and 2?
1
Let s = 41 + -17. What is the greatest common factor of s and 60?
12
Suppose -4*d + b - 70 = 19, -d - b = 16. Let h = 23 + d. What is the highest common factor of h and 4?
2
Suppose 0 = -6*o + o + 40. What is the greatest common factor of o and 24?
8
Let z(c) = -22*c - 6. Let t be z(-3). What is the highest common divisor of t and 30?
30
Let q = 185 + -14. Calculate the highest common divisor of 19 and q.
19
Let k = -41 + 67. What is the highest common divisor of k and 65?
13
Let u = 13 + -14. Let b be (19 + u)*(-4)/(-6). Calculate the greatest common factor of b and 132.
12
Let y be -6*((-15)/(-6))/(-5). Suppose -2*o - 3 = -y*o. Let h(f) = f**2 + 6*f + 9. Let i be h(-6). What is the highest common divisor of i and o?
3
Let m(t) = t**3 - 6*t**2 + 2*t - 18. Let j(o) = o**2 - o - 1. Let h(d) = 6*j(d) - m(d). Let p be h(11). Calculate the greatest common divisor of p and 30.
15
Let b be 3 + 20 + (7 - 9). What is the greatest common factor of b and 105?
21
Suppose -5*l = 3*z - 257, -4*l + 93 = -5*z - 120. Calculate the highest common factor of 13 and l.
13
Suppose 0*i = -5*i + 80. Let h = i + -10. Let b(n) = -4*n - 34. Let k be b(-13). Calculate the greatest common divisor of k and h.
6
Let h = -20 + 42. What is the greatest common factor of h and 154?
22
Let j be 5 - (0 + 0 + -1). Let t be 75/9 - 6/(-9). Calculate the highest common factor of j and t.
3
Suppose 0 = 3*m - 0*m - 48. Calculate the greatest common divisor of m and 32.
16
Let x be (-2)/(-9) + (-16)/(-9). Let a = 16 + x. What is the greatest common factor of 45 and a?
9
Suppose -5*c + 39 = 4*y, 2*y = -c - 0*c + 15. Let h be 2/8 - (-722)/(-8). Let t be (-6)/(-8) - h/8. What is the highest common factor of y and t?
6
Suppose -125 + 940 = 5*x. Suppose -13 = 5*t - x. Suppose 3*h = 24 + 12. Calculate the greatest common divisor of h and t.
6
Let x(j) = -j**3 + 3*j**2 + j - 4. Let q be x(-2). Calculate the greatest common divisor of q and 49.
7
Let o = 4 + -25. Let p be (-321)/o - (-2)/(-7). Suppose 0 = 4*w - 33 - p. Calculate the greatest common divisor of 18 and w.
6
Let y be 30*1/5*4. Suppose -2*l = -3*l + 4*c + 40, 4*l + 4*c = 80. Calculate the greatest common factor of l and y.
24
Let d = 14 + -11. Let v be (5 + (d - 1))*1. Calculate the greatest common divisor of v and 28.
7
Let f be 10/(-45) + (-14)/18. Let i be -2 - f - (-279)/3. What is the greatest common divisor of 23 and i?
23
Let w be 4/(-2)*171/(-18). Suppose 0 = -2*f + v - 10, 4*f - 5*v + 2 = -24. Let n = f + w. What is the highest common factor of n and 6?
3
Let p(n) = 2*n**2 + 8*n - 6. Let q be p(-7). Calculate the greatest common factor of 324 and q.
36
Let c be 2/3*(-1 + 61). Suppose 5*d = 2*d + 24. What is the highest common factor of c and d?
8
Let i be (-2 - (36 + 4))*1/(-2). Calculate the highest common divisor of 7 and i.
7
Let k = -4 - -5. Let y = k + 1. Let q be (-105)/(-6) + 1/y. What is the highest common divisor of 6 and q?
6
Let b = 89 - 50. Suppose 6 = -3*q + b. Let a(k) = 76*k**3 + 2*k - 1. Let j be a(1). Calculate the greatest common divisor of q and j.
11
Suppose -4*h = -h + 6. Let n = h + 7. Let s be n/15 + 586/6. What is the highest common factor of 14 and s?
14
Let v(f) = 22*f + 3. Let w be v(6). Suppose 2*d - 3*z - 15 = 36, -4*d - 5*z + w = 0. Calculate the greatest common divisor of 12 and d.
6
Let p be (162/5)/((-6)/(-20)). Calculate the greatest common divisor of p and 12.
12
Let q(f) = -f**3 + 5*f**2 + 7*f. Let d be q(6). Suppose 0 = -v + 30 - d. What is the highest common divisor of v and 16?
8
Suppose 2*d = -3*f + 299 + 68, -5*d = -10. Calculate the greatest common factor of f and 11.
11
Let n(x) = 4*x**2 + 3*x. Let b be n(3). Suppose -c = 5*t - 13, -c + t - 71 = -5*c. What is the greatest common factor of b and c?
9
Suppose -2*v + 2 = -4. Let n(u) = 4*u + 1. Let s be n(v). Calculate the highest common factor of s and 52.
13
Let j be (45/30)/((-6)/(-56)). What is the greatest common factor of 14 and j?
14
Let z = 35 - 16. Suppose 2*i - 51 = -a + 109, 4*a = 2*i + 600. What is the highest common divisor of a and z?
19
Suppose -2*m + 3*m = 39. Suppose 2*h + 5*l = 33, -2*l + m = 3*h + 2*l. Calculate the highest common divisor of h and 72.
9
Let p(s) = 3*s + 6. Let c = -17 + 10. Let t be p(c). Let m be 96/10 - (-9)/t. What is the greatest common factor of 1 and m?
1
Suppose 536 - 136 = 2*h. What is the highest common divisor of 80 and h?
40
Let k be ((-7)/3)/(1/(-39)). Let j = k - 65. Calculate the highest common divisor of j and 13.
13
Let h be 4/(-20) - 281*2/(-10). Calculate the highest common divisor of h and 14.
14
Let w = -155 + 190. What is the greatest common factor of w and 70?
35
Suppose 0 = b + 28 + 4. Let a = b + 51. What is the greatest common factor of a and 95?
19
Let b be ((-147)/(-2) + 2)*2. Suppose 5*z = 104 + b. Let g = 105 - z. What is the highest common divisor of g and 18?
18
Let l(g) be the second derivative of g**4/12 + 27*g**2/2 - 2*g. Let h be l(0). Calculate the greatest common factor of 18 and h.
9
Let g(z) = -z + 10. Let u be g(8). Suppose 3*h - 14 = u*h. Calculate the highest common factor of 14 and h.
14
Let y(n) = -n**2 + 4*n + 3. Let x be y(3). Let f = 15 + -10. Let m(p) = -p**3 + 7*p**2 + 4. Let z be m(f). Calculate the highest common factor of z and x.
6
Let c(w) = 4*w + 1. Let l be c(5). Suppose -4*n - u = 20 + 28, -13 = 3*n - 5*u. Let r = n + l. Calculate the highest common divisor of 25 and r.
5
Suppose 7*z = -103 + 313. What is the greatest common factor of z and 20?
10
Suppose q - 12 = -3*q. Calculate the greatest common factor of q and 24.
3
Suppose -78 = -4*o + 2*z, -43 - 10 = -4*o - 3*z. Calculate the greatest common factor of 51 and o.
17
Let n(m) = m**3 + 8*m**2 + 9*m - 3. Let c be n(-7). Suppose 4*s + 73 = 2*f + 9, -5*s + 55 = 2*f. Let y = f + c. What is the highest common divisor of y and 52?
13
Suppose 4*z - 360 = -z. Calculate the greatest common divisor of z and 9.
9
Let n = 80 - 17. Let s = 19 + -1. Suppose 3*u = 9 + s. Calculate the greatest common factor of u and n.
9
Suppose -5*t + 176 = -4*t. Let q be 4/24 + ((-2660)/(-24))/7. Calculate the highest common divisor of t and q.
16
Suppose 4*f = 5*q - 364, 0 = -2*q + 5*f + 16 + 133. Calculate the greatest common divisor of 9 and q.
9
Suppose -14*c + 11*c + 33 = 0. What is the highest common factor of 22 and c?
11
Suppose 0 = u - 2*u - 1, -721 = -4*x + u. What is the greatest common divisor of 20 and x?
20
Let j be 39/(-52) - (-219)/4. Calculate the greatest common factor of 27 and j.
27
Let q = -6 - -10. Let a = -1 + 5. What is the greatest common factor of q and a?
4
Let l be ((-90)/(-12))/((-1)/(-50)). Suppose 8*t - 3*t - l = 0. Let z be (-57)/(-2) - 3/(-2). What is the highest common divisor of t and z?
15
Let c be (20/(-14) - 2)*-63. Let r be c/5*50/4. Suppose 0 = -5*u + 4*h + r, 4*u + 3*h + 110 - 542 = 0. Calculate the greatest common factor of u a